) = 3*m(a) + 5*y(a). Let d be g(9). What are the prime factors of 2*(d/30)/(1/(-21))?
2, 7
What are the prime factors of (0 + (-1584)/15)*1700/51*-4?
2, 5, 11
Let n(u) = -5*u**3 - 14 + 4*u**3 - 30*u - 2*u**2 + 31*u. Let p(m) = 9*m - 88. Let o be p(9). What are the prime factors of n(o)?
2, 7
Suppose 5*u + 2*k + 23 = 0, -u - 5*k + 10 = 33. Let t(o) = -105*o + 49. What are the prime factors of t(u)?
2, 7, 13
Suppose 0 = -0*x - x + 70. Suppose 4676 = -56*m + x*m. What are the prime factors of m?
2, 167
Let h be (45 - 46)/(1/5)*-5. Suppose -27*y + 1036 = -h*y. List the prime factors of y.
2, 7, 37
Let k(i) be the first derivative of i**4/4 + 7*i**3 - 7*i**2/2 - 24*i + 119. What are the prime factors of k(-7)?
3, 79
Suppose -4*l + 3*f = 1803 - 16292, -f = -2*l + 7243. What are the prime factors of l?
2, 5, 181
Let w = 132 - 124. Suppose -w*z + 3*z + 575 = 0. What are the prime factors of z?
5, 23
Let k(h) = 9*h - 34. Let o be k(4). What are the prime factors of (43 - (4 - 8))*o/2?
47
Let r = -17 + 14. Let f(u) = -6*u**3 - 3*u**2 + 4*u. Let n be f(r). Let y = n - 19. What are the prime factors of y?
2, 13
Let i be 24*((-33)/9 - -4). Suppose 4*j + h - 3 = 2*h, 5*j = 2*h. Suppose -i*y + 550 = j*y. What are the prime factors of y?
5, 11
Let z(d) = 782*d**2 - 8*d + 9. Let m be z(1). Let w = m + -559. What are the prime factors of w?
2, 7
Suppose 5*z - 1235 = -v + z, 0 = -4*z. Let m = v + -783. List the prime factors of m.
2, 113
Let i = 943 + -352. Suppose -i*n + 590*n = -528. List the prime factors of n.
2, 3, 11
Let l(o) = -o**3 - o. Let d(j) = -2*j**3 - 9*j**2 + 8*j - 18. Let b(v) = -d(v) + 3*l(v). Let x be b(8). What are the prime factors of (261/x)/(1/(-2))?
3, 29
Suppose 42*g - 47*g + 5*k + 1600 = 0, 0 = -5*g - k + 1570. List the prime factors of 26462/21 + (-30)/g.
2, 3, 5, 7
Let a be ((-60)/(-16))/((-6)/16). Let o be 9/15 + 156/a. What are the prime factors of ((-1)/2)/(o/2340)?
2, 3, 13
Suppose 0 = -6*u + 34062 + 13326. List the prime factors of u.
2, 11, 359
Let q(k) = k**3 + 6*k**2 + 2*k + 3. Let v be q(-5). Let r be (18/24)/(3/12). Suppose -3*w = -r - v. List the prime factors of w.
7
List the prime factors of 13896/144*14/1.
7, 193
Let g = 84637 - 58093. What are the prime factors of g?
2, 3, 7, 79
List the prime factors of -1*5*-2843 + 762/(-127).
13, 1093
Suppose 2*h + 2*h + 916 = 4*r, -2*r = 2*h - 470. Suppose -234*x + 594 = -r*x. List the prime factors of x.
3, 11
Let l(w) = -4 - 25*w**3 + 23 + 5*w + 0*w + 23*w**3 - 16*w**2. Let y = -2 - 7. List the prime factors of l(y).
2, 17
Let m = -300 - -194. Let b = m - -531. List the prime factors of b.
5, 17
Let s = 17 - 14. List the prime factors of ((-8436)/518)/((6/(-28))/s).
2, 3, 19
Let w = -32 - -59. Let x = w - 17. Suppose 0 = x*b - 571 - 959. List the prime factors of b.
3, 17
Suppose w - 5*z = 37, -4*w + 85 = w - 5*z. Suppose -w = 6*c + 12. What are the prime factors of -3 - (-2)/c*-58?
2, 13
Suppose 290 = 2*x + 4*q, -4*x + 3*q + 407 + 206 = 0. Let g = x + -30. List the prime factors of g.
11
Let v = 1072 + -688. Let c = 438 - v. What are the prime factors of c?
2, 3
Suppose 0 = 35*z - 75*z + 109320. What are the prime factors of z?
3, 911
Let y = -16 - -372. Suppose -3*p + 52 = f - y, 136 = p - 3*f. List the prime factors of p.
2, 17
Suppose -8*d + 12*d + 72 = 0. Let n(w) = w**2 + 6*w + 34. What are the prime factors of n(d)?
2, 5
List the prime factors of (14/(-10))/(6/(-581100)*10).
7, 13, 149
Suppose g + 783 = -385. Let x = -1937 - g. What are the prime factors of x/(-13) - 8/52?
59
Let w = 2 - 2. Suppose 4*m - 32 = -0*m + 3*t, 16 = 2*m + 5*t. Suppose 2*o - m*o + 630 = w. List the prime factors of o.
3, 5, 7
Let v(n) = 1526*n + 321. What are the prime factors of v(10)?
15581
Let r = 16029 + -7015. List the prime factors of r.
2, 4507
Let n(t) = 2*t**2 + 4*t - 420. Let m be n(0). Let v = m - -588. What are the prime factors of v?
2, 3, 7
Suppose -10*n + 8*n - 52 = -4*i, 2*n - 4 = 0. What are the prime factors of (-18)/(-63)*i + 1246?
2, 5
Let b(i) = 246*i + 3185. What are the prime factors of b(8)?
5153
What are the prime factors of ((-104412)/693)/(2/(-33))?
2, 11, 113
Let t be 8/6*666/12. Suppose b - a + 4*a = t, 5*a = 4*b - 245. What are the prime factors of b?
5, 13
Suppose -6216*c - 9020 = -6227*c. What are the prime factors of c?
2, 5, 41
Suppose 18*j - 439365 = 3*j. Suppose -t = -18*t + j. List the prime factors of t.
1723
Let z(h) = 55*h - 9. Let j = -443 + 460. List the prime factors of z(j).
2, 463
Let y be 3 + 1 + -56 + -1222. Let a = y + 2056. List the prime factors of a.
2, 17, 23
Suppose -5*t - f + 5492 = 0, -5*t + 3894 + 1592 = -2*f. What are the prime factors of t + (1 - -1) + 1?
3, 367
Suppose -1312 = -10*n - 292. Suppose 0 = 14*k - n + 4. Suppose k*t - 4*t - 636 = 0. What are the prime factors of t?
2, 53
Suppose 1 = 6*k + 1. Suppose k = 3*w - 11 + 2. Suppose -5*g - 2*r = -3*g - 112, 0 = -w*r - 6. List the prime factors of g.
2, 29
Let y be -2*((1 - -2) + (-84)/8). Suppose 11*p = y*p - 1824. Suppose p = s + 5*s. List the prime factors of s.
2, 19
Let h = -9475 - -10144. What are the prime factors of h?
3, 223
Suppose 8 = -3*y + 20. Suppose y*z + 17 = 49. What are the prime factors of (z/6)/(8/492)?
2, 41
Suppose 6*v = 51514 + 20948. Suppose 23*w - v = 10*w. List the prime factors of w.
929
Suppose 2*o - 2*a - 11019 = 88511, 2*o + 4*a = 99524. List the prime factors of o.
2, 3, 11, 13, 29
Let z = -442 - -445. Suppose -13*n + 15*n - 599 = -x, -z*n - 5*x + 902 = 0. What are the prime factors of n?
13, 23
Let u = 130 - 122. What are the prime factors of -915*(u/(-12))/2?
5, 61
Let u = -80 + 92. Let j be 9/2 + 30/u. Let s(y) = 3*y + 54. List the prime factors of s(j).
3, 5
Let l = 226 + -231. Let g(b) = -51*b + 61. What are the prime factors of g(l)?
2, 79
Let r = 432 - -1608. What are the prime factors of r?
2, 3, 5, 17
Suppose -42 = -s - 39. List the prime factors of 24*(s - (-18 + -5)).
2, 3, 13
Let r = 1908 - 676. Suppose 0*x - 14*x + r = 0. What are the prime factors of x?
2, 11
List the prime factors of 9/(-3)*(-73488)/48.
3, 1531
Let s(r) = 9*r**2 + 8*r**3 + 55*r - 45*r + 10 - 23*r. List the prime factors of s(5).
2, 3, 5, 13
Let x be 2/7 + 1310374/91. Suppose -17*v = -5*v - x. What are the prime factors of v?
2, 3, 5
Suppose -30*z + 34*z = 3*c + 40149, 5 = 5*c. What are the prime factors of z?
2, 3, 7, 239
List the prime factors of (-91)/(-26)*(-280408)/24*18/(-21).
35051
Let n(q) be the first derivative of -11*q**2 - 247*q + 13. List the prime factors of n(-31).
3, 5, 29
Let y = -100051 - -168941. List the prime factors of y.
2, 5, 83
Let t be 75/10 - 1/(-2). Suppose 2*w = -t, 0 = -0*z + 2*z + 3*w + 8. Suppose 0*c - 2*c = -z*o + 152, 5*o - 335 = -4*c. List the prime factors of o.
71
Suppose j + 30 = -i - j, 2*j = -3*i - 110. What are the prime factors of (i/(-15) - 2) + (-529)/(-3)?
3, 59
Let o be (2/(-2))/((-1)/(-14)*-2). Suppose -2*c - 3 = -o. Suppose -c*x + 201 = 2*d - 7*d, 5*x = 4*d + 477. What are the prime factors of x?
3, 31
Let r = -170 - -181. Suppose 23*w = r*w + 8664. List the prime factors of w.
2, 19
Let o = 92 - 189. Let q = o + 102. Suppose q*j - 150 = 3*j. List the prime factors of j.
3, 5
Let z(k) = 3*k**2 - k - 30. Let d be z(7). Let r = -96 + d. List the prime factors of r.
2, 7
Let g be 3 + (-111)/(-21) - (-28)/(-98). Suppose g*f - 4376 = -0*f. What are the prime factors of f?
547
Let l = -202 + 673. Let q = l - 399. What are the prime factors of q?
2, 3
Let m be (63/(-42))/(2 + 46/(-20)). Suppose -m*r + 868 = -3*g, -3*r + 321 = -g - 203. List the prime factors of r.
2, 11
Suppose -25*b = -11*b - 13846. Let n = 1444 - b. What are the prime factors of n?
5, 7, 13
Suppose -3*z + 19 = 4. Suppose z*t = 3*i + 594, -2*i - 350 = -3*t + 3*i. Suppose 0 = -n + t - 27. List the prime factors of n.
3, 31
Suppose -6*g - 6*g - 36744 = -214608. What are the prime factors of g?
2, 7411
Let o(v) = 640*v**2 - 49*v + 131. What are the prime factors of o(4)?
5, 11, 37
Suppose 30*q - 1771459 = -10*q + 369661. What are the prime factors of q?
2, 6691
Suppose 0 = -22*r + 44 + 44. Suppose r*t - 908 = 1536. List the prime factors of t.
13, 47
Let i = 22 + -42. Let p be i*(-7)/(140/24). Let c = p - 2. List the prime factors of c.
2, 11
Let u be ((-82)/(-6))/((-1